/((-20)/12)) + q?
4
Let u = 5022 + 5794. What is the thousands digit of u?
0
Let u = -100 + 90. Let b be ((-10)/(-3))/(0 - u/165). Suppose t + b = 6*t. What is the units digit of t?
1
Let g(y) = 157*y + 49. Let t be 8/(-1) - 72/(-6). What is the tens digit of g(t)?
7
Let f = 74106 + -39617. What is the tens digit of f?
8
Let c = 12208 - 3809. What is the units digit of c?
9
Let j be (-28 - -25)*(-12095)/3. What is the units digit of (-14)/(-5)*j/82?
3
What is the ten thousands digit of ((4/14)/1)/((-138351420)/(-4323480) + -32)?
2
Suppose -4*v - 2*d - 8 = 0, 3*v + 5*d = 8*v + 40. Let q be v/(-26) - 168/(-91). What is the units digit of 49*(-4 + 3 + q)?
9
Let z(r) = r**3 + 8*r**2 + 9*r + 7. Let v be z(-7). Let f be 5 + -6 - 7*v. Suppose 3*s - 2*b + f - 246 = 0, 0 = 3*s + 4*b - 198. What is the tens digit of s?
6
Let h = 15097 + -10727. What is the hundreds digit of h?
3
What is the thousands digit of (43197/44 - 7)*4?
3
Suppose 46 = 2*j + a - 99, -50 = -j + 4*a. Let r be (-16)/(10/45 + j/(-324)). What is the units digit of 12/(-20) + r/(-20)?
9
Let s = -8 - -11. Let b be ((-2)/(-2) - s) + 1 + 1. What is the tens digit of (-2 + -1 - b)*-1 + 57?
6
Let w = -216 + 219. Suppose -4*b + 1 = -3, -9 = 3*h - 3*b. What is the tens digit of (-291)/h*(-1 - (-5)/w)?
9
Suppose 24*f - 45*f + 37317 = -11172. What is the thousands digit of f?
2
Suppose 4*x - 220 - 72 = -p, 0 = -3*p - 5*x + 862. What is the units digit of p?
4
Suppose 6*c + 9*c = 61845. Suppose 12*r - 19*r = -c. What is the hundreds digit of r?
5
Suppose 98*v - 61666 = -4*l + 97*v, 0 = 4*l - 5*v - 61654. What is the tens digit of l?
1
Let a(x) = 217*x**2 + 32*x - 35. What is the thousands digit of a(3)?
2
Let b = -12010 + 18421. What is the units digit of b?
1
Let p = 1036 + 307. What is the hundreds digit of p?
3
Suppose -2*n - u = n - 346, 0 = -3*u + 3. Let j = n - 4. What is the tens digit of j?
1
Let f(t) = 1574*t**2 - 4*t - 10. Let c(b) = 315*b**2 - b - 2. Let i(j) = -14*c(j) + 3*f(j). Let r be i(1). Suppose u + 52 = r. What is the units digit of u?
0
Let a(r) = -r**3 + 35*r**2 + 37*r + 144. Let p be a(33). Suppose -4*g + 1689 = -4*m - 1839, -4*g + p = m. What is the units digit of g?
5
What is the ten thousands digit of (-81)/((-99)/(-11)) + (-105723)/(-3)?
3
Let j(h) = -2*h**3 + 7*h**2 - 11*h - 75. What is the thousands digit of j(-15)?
8
Let s(n) = -230*n + 215*n + 0*n**2 + 29 - n**2. What is the tens digit of s(-11)?
7
Let b(t) = 13*t**2 + 5771*t + 0 - 5769*t - 5. Let w = 3 + -6. What is the hundreds digit of b(w)?
1
Let s(f) = 3*f**3 - 3*f**2 + 4*f - 2. Suppose 7*v = 9*v - 44. Suppose 0 = -2*p - 2*n - 2*n + v, 4*p = -4*n + 28. What is the units digit of s(p)?
4
Suppose z = -5*p + 7, 4*z - 6*p + 2*p + 92 = 0. Let t be (-73152)/(-324) - (-4)/z*-1. Suppose -4*h = -2*h - t. What is the units digit of h?
3
Let o = 19093 - -16248. What is the hundreds digit of o?
3
Let y(x) = 2*x**3 - 19*x**2 + x + 32. Let a be y(12). Suppose 3*l - o = a, 4*l - 1022 = o - 3*o. What is the units digit of l?
5
Let f(m) = m**3 - 43*m**2 - 99*m + 65. Let i be f(45). What is the units digit of -4 - 0 - 1 - i?
5
Let c = -2337 - -8599. What is the tens digit of c?
6
What is the units digit of (-291)/(2 + (-85)/41)?
7
Let h(t) be the third derivative of t**5/60 - t**4/12 + 103*t**3/6 + 2*t**2. What is the tens digit of h(26)?
2
Suppose -7*r - 267 = -4*r. Let p(k) = 3*k**2 + 7*k - 3. Let i be p(-9). Let s = r + i. What is the tens digit of s?
8
Let j = -229 + 373. Let w = j + -114. What is the units digit of w?
0
Suppose 3*d - 149 = -2*w + 826, -5*w + 2430 = 5*d. What is the units digit of w/(-92)*(-1088)/6?
2
Suppose 9 = -2*g - 3*i, g - 4*i - 2 = 21. Suppose g*h - 1502 = h - 2*z, 4*z = 4. What is the units digit of h?
0
Suppose -57*n - 57*n + 5687 = -42991. What is the hundreds digit of n?
4
Suppose -38*g = -g - 101935. Let p = g - 1470. What is the thousands digit of p?
1
Let g(l) = -l**2 - 8*l + 842. Suppose 2*q + 4 = 3*x, 6*x - 3*x - q = 2. What is the tens digit of g(x)?
4
Suppose 0 = 109*w - 63*w - 309902. What is the hundreds digit of w?
7
Let h = -1081 + 589. Let o = 191 - h. What is the units digit of o?
3
Suppose -4*b + 13 + 15 = 0. Suppose -6*t = t + b. What is the units digit of (-19)/(-1)*2 - (1 + t)?
8
Suppose -1387464 = -58*s - 17330. What is the thousands digit of s?
3
Suppose -31*q + 30*q = 2*k + 1478, 7422 = -5*q - 2*k. What is the hundreds digit of 2*3 - (q - (17 - 9))?
5
Suppose -2 - 6 = 2*i, -3*i = n. Suppose -n*g = -4*g - 6632. What is the units digit of g?
9
Let t(g) = g**2 - 10*g + 25. Suppose -w - 1 = 0, 5*w + 8 = 2*o - 11. Let s be t(o). Suppose -s*y = 3*y - 42. What is the units digit of y?
6
Suppose 2*v + 3*t = 6, 2*t = 5*v + 6*t - 8. Suppose v = -3*q - 5*k + 1212, -2*k = -0*k. What is the tens digit of q?
0
Let v be (-8)/(-6)*207/12. Let w(y) = y**3 - 21*y**2 - 20*y + 11. What is the tens digit of w(v)?
0
Suppose 6*l + 9 = 3*x + 3*l, 12 = 4*x - 5*l. Let i(g) = 15*g**3 - 7*g - 36 - 9*g**2 - 27*g**x + 13*g**3 - 4*g. What is the tens digit of i(11)?
8
Suppose 5*l = 5*z + 55, 0*l + 3*z - 31 = -5*l. Let n(x) = -x**2 + 9*x + 5. Let t be n(l). Suppose 3*i - t*i = -1050. What is the hundreds digit of i?
1
Suppose -727428 = 27*l - 79*l. What is the units digit of l?
9
Suppose 8*d + 1241 + 1991 = 0. Let j = d - -853. What is the units digit of j?
9
Suppose -2*a + 12 = 3*y - 1, -2*a = 5*y - 15. Suppose -7*c + 1320 = a*c. What is the hundreds digit of c?
1
Let j(r) = -79*r - 5. Let x(y) = -y. Let q(h) = -j(h) + 6*x(h). Let m be q(4). Suppose 12*g - 9*g - m = 0. What is the tens digit of g?
9
Let z(l) = -2*l**2 + 12*l. Let j be z(5). Suppose 0 = -j*p + 1957 + 83. What is the units digit of p?
4
Suppose -5*r - 3*y + 171 = 0, -r - 3*y + 22 = -17. Let n = r - 32. What is the tens digit of 95 - (n/(-2) - 0)*6?
9
Let w(j) = 49*j**2 + 10*j - 48*j**2 + 20 + 24. What is the units digit of w(-12)?
8
Suppose -3*b + 35 = 2*b. Let w(n) = -n**3 + 12*n**2 - 12*n - 22. What is the tens digit of w(b)?
3
What is the units digit of ((-136)/(-5))/(82/205)?
8
Let f be ((-342)/9)/(0 - (-2)/(-21)). Let n = f + -309. What is the tens digit of n?
9
Let y(v) be the first derivative of -v - 1/3*v**3 + 12 + 11/2*v**2. What is the tens digit of y(7)?
2
Suppose -56 + 14 = -3*a. Suppose -l - a = -4*f, -2 = 5*l + 5*f - 32. What is the units digit of l?
2
What is the tens digit of (222288/(-11))/(12/8 - 3) - 2?
7
Let k = 100 + 216. Suppose 4*s - 2*x = k + 28, -s + 5*x + 77 = 0. What is the units digit of s?
7
Let h(c) be the second derivative of c**4/12 + 7*c**3/3 + 7*c**2/2 + 9*c. Let d be h(-19). Let b = -10 + d. What is the units digit of b?
2
Let a(b) = -8*b**3 - 19*b**2 - 7*b - 84. What is the ten thousands digit of a(-16)?
2
Let i(c) = -148*c - 21. Suppose -418*h + 12 = -424*h. What is the hundreds digit of i(h)?
2
Suppose -5*m - r = -41964, m - 8396 = -45*r + 44*r. What is the thousands digit of m?
8
Let n be (-30)/(-3) - 5 - (1 - -1). Suppose -i + 5352 = n*h + 1335, h - 1339 = 2*i. What is the thousands digit of h?
1
Suppose -4*t - 2 = h, -t + 2 - 11 = -4*h. Suppose 3*k = -4*w - 264 + 21, 5*w - h*k + 321 = 0. Let c = -51 - w. What is the tens digit of c?
1
Suppose 93*m + 845 = 98*m. Suppose 2763 = -m*k + 178*k. What is the units digit of k?
7
Suppose 7349530 = 309*w - 1762880. What is the tens digit of w?
9
Let s(b) = -3*b**3 - 21*b**2 + 3*b - 40. What is the tens digit of s(-12)?
8
Let j be (-2 + 6/1)*(-853)/(-4). Let b = 1443 - j. What is the tens digit of b?
9
Suppose 0 = -6*q - 817 + 4351. Suppose q = 14*a - 195. What is the tens digit of a?
5
Let n = 81800 + -47712. What is the units digit of n?
8
Suppose 0 = 9*q - 10*q + 845. What is the hundreds digit of (-6)/(5/(-5)) + q + -7?
8
What is the tens digit of (69925/50)/(6 - (-227)/(-38))?
4
Let q(w) = -10*w**2 + 6 - w**3 - w**2 + 14*w**2 - 2*w**3 + 13*w + 2*w**3. What is the tens digit of q(-6)?
5
Let z(s) = -294*s + 96. Let p be z(-27). Suppose 23*q - p = 12643. What is the units digit of q?
9
Let b(q) = -q**2 - 13*q + 68. Let t be b(4). Suppose t = -20*w + 19*w + 117. What is the tens digit of w?
1
Suppose -3*h + 23*f = 28*f - 9820, 4*f = -3*h + 9815. Let g = -2025 + h. What is the units digit of g?
0
Suppose -4*l + 3*j + 133 = 0, 3*j - 26 - 89 = -4*l. Let p = -27 